m**3 + 68*m**2 + 421*m + 1568. Calculate b(74).
-134
Let c(b) = -b**2 + 11545*b + 3955389. What is c(-333)?
15
Let t(v) = -5*v**2 - 1401*v - 77790. What is t(-204)?
-66
Let w(d) = -391*d - 67318. Give w(-172).
-66
Let m(d) = 411239*d - 1233702. Calculate m(3).
15
Let d(f) = 7*f**2 + 323*f + 616. Calculate d(-2).
-2
Let m(y) = -y**2 - 38*y + 11313. Determine m(98).
-2015
Let n(c) = 68998*c + 758917. Determine n(-11).
-61
Let r(p) = 125441*p + 3888660. Give r(-31).
-11
Let x(a) = 9*a**3 + 75*a**2 + 82*a + 605. Calculate x(-8).
141
Let w(j) = j**3 + 51*j**2 + 69*j - 1385. Give w(-49).
36
Let h(d) = -375*d - 5045. Give h(-14).
205
Let c(b) = -b**2 + 25566*b - 127816. Determine c(5).
-11
Let k(i) = -10*i**2 + 74*i - 190. Calculate k(16).
-1566
Let q(g) = -47*g**2 + 1146*g + 40. What is q(24)?
472
Let r(o) = -314816*o - 944059. Determine r(-3).
389
Let d(f) = -37709*f + 37795. Determine d(1).
86
Let l(m) = -85*m**2 - 1580*m + 8581. Determine l(-23).
-44
Let n(u) = 75*u + 3977. Calculate n(-55).
-148
Let f(h) = 148834*h - 8930087. Determine f(60).
-47
Let l(h) = 165*h**2 - 2185*h + 6276. Give l(9).
-24
Let f(u) = -6*u**2 - 358*u - 83. Calculate f(-54).
1753
Let l(h) = h**3 + 42*h**2 + 380*h + 588. Give l(-10).
-12
Let p(t) = -2508*t - 295936. What is p(-118)?
8
Let f(o) = 63*o**2 + 12536*o - 177. Determine f(-199).
22
Let j(p) = -p**2 - 317*p - 23293. What is j(-198)?
269
Let i(l) = -117*l**3 + 1047*l**2 - 160*l + 1873. Determine i(9).
-53
Let o(v) = 4009*v - 11441. Give o(3).
586
Let w(z) = -z**2 + 90*z - 1962. Calculate w(57).
-81
Let z(l) = 2*l**3 + 84*l**2 - 7*l + 234. Determine z(-42).
528
Let i(q) = -322*q - 99670. What is i(-310)?
150
Let k(s) = 60*s + 6594. Calculate k(-89).
1254
Let m(n) = 3*n**2 + 5150*n + 71629. Calculate m(-14).
117
Let w(g) = -156*g + 3732. Determine w(25).
-168
Let m(y) = 17*y**2 + 325*y - 559. Determine m(-21).
113
Let o(f) = -20*f**2 + 22*f - 51. Give o(9).
-1473
Let i(r) = -5*r**2 - 88*r - 381. Determine i(-6).
-33
Let a(m) = -14756*m - 162315. What is a(-11)?
1
Let f(t) = -2*t**3 - 36*t**2 - 155*t - 2166. Determine f(-15).
-1191
Let a(u) = -137*u + 3179. Give a(23).
28
Let b(j) = -1091*j**2 - 6257*j - 4001. Calculate b(-5).
9
Let x(o) = 410*o**2 - 12712*o + 40. Determine x(31).
-22
Let c(a) = 2*a**2 - 293*a - 61. Give c(147).
86
Let y(d) = 14519*d + 479111. Calculate y(-33).
-16
Let a(o) = -508*o + 24750. What is a(49)?
-142
Let s(t) = -t**3 + 25*t**2 + 508*t + 95. Determine s(38).
627
Let a(v) = -2*v**3 + 181*v**2 - 121*v + 2725. What is a(90)?
-65
Let u(d) = 4349*d - 2905093. Give u(668).
39
Let m(q) = -74219*q + 8. What is m(0)?
8
Let i(q) = 194*q - 12331. Determine i(35).
-5541
Let z(q) = q**3 + 58*q**2 + 128*q + 789. Give z(-56).
-107
Let f(a) = 10769*a + 53796. What is f(-5)?
-49
Let i(t) = -169*t**3 - t**2 - 118*t - 116. Determine i(-1).
170
Let c(d) = 181704*d - 908540. Calculate c(5).
-20
Let v(a) = -126743*a + 253390. Give v(2).
-96
Let g(s) = -551*s - 11692. What is g(-21)?
-121
Let d(r) = 33846*r + 507697. Determine d(-15).
7
Let h(u) = -543*u + 2704. What is h(5)?
-11
Let i(d) = 188*d + 64261. Give i(-342).
-35
Let b(r) = 2*r**2 - 3433*r - 244546. What is b(1785)?
-1
Let a(w) = -4828*w + 19293. Give a(4).
-19
Let k(a) = -835*a + 157809. What is k(189)?
-6
Let j(k) = -407*k**2 + 4089*k - 203. What is j(10)?
-13
Let i(x) = -3*x**2 - 206*x - 3039. Calculate i(-23).
112
Let f(i) = -2*i**3 - 1499*i**2 + 18143*i + 36. Calculate f(12).
-1560
Let h(w) = 2*w**3 + w**2 - 4830*w - 24200. What is h(-5)?
-275
Let h(a) = -a**3 + 10*a**2 - 15*a + 270. Give h(10).
120
Let h(u) = -5322*u - 95832. What is h(-18)?
-36
Let z(u) = 573*u**2 - 3013*u + 674. What is z(5)?
-66
Let p(r) = -140*r - 4382. Determine p(-32).
98
Let k(n) = -6*n**3 - 17*n**2 - 2428*n + 2446. Give k(1).
-5
Let i(w) = -69*w**2 + 4873*w + 173336. Determine i(-26).
-6
Let y(b) = 1346*b - 195. What is y(1)?
1151
Let r(n) = 1114*n + 156680. Determine r(-141).
-394
Let c(z) = -2*z**2 + 1622*z + 266271. Give c(-140).
-9
Let a(v) = -6*v**3 + 2*v**2 - 14*v - 4. What is a(-4)?
468
Let t(i) = 125*i**2 + 67*i - 1. Give t(3).
1325
Let i(v) = 246340*v - 2709720. Give i(11).
20
Let w(n) = 5650*n - 73692. Give w(13).
-242
Let u(r) = 4*r**3 - 108*r**2 - 11*r + 300. Determine u(27).
3
Let k(s) = s**3 + 4*s**2 + 249*s - 2932. What is k(11)?
1622
Let b(t) = -5*t**3 - 11*t**2 + 47*t + 10. Determine b(-5).
125
Let o(s) = 152*s + 45612. What is o(-300)?
12
Let u(o) = 2*o**3 + 103*o**2 - 512*o - 570. Calculate u(-56).
-122
Let t(u) = 4*u**3 + 307*u**2 + 230*u + 105. Calculate t(-76).
-47
Let q(g) = -4135*g - 39455. Give q(-9).
-2240
Let n(o) = -o**3 + 9*o**2 - 124*o + 234. Determine n(2).
14
Let o(x) = 36*x**3 - 1018*x**2 + 1006*x + 13. Determine o(1).
37
Let n(b) = b**3 - 168*b**2 + 429*b - 183. Determine n(2).
11
Let n(x) = 17*x**3 + 50*x**2 + 22*x + 6. Determine n(-2).
26
Let d(p) = 48*p**3 - 5*p**2 - 32*p - 6. Determine d(4).
2858
Let u(d) = -173410*d + 520228. Determine u(3).
-2
Let x(a) = a**2 + 1776*a + 191030. Give x(-115).
15
Let f(p) = -4*p**2 + 36*p + 97. Determine f(12).
-47
Let f(p) = -p**3 - 405*p**2 + 1822*p - 93473. Calculate f(-410).
7
Let u(y) = -y**2 + 12226*y + 232660. Determine u(-19).
5
Let c(o) = -10*o**2 + 135*o + 3428. Give c(-13).
-17
Let o(c) = -1853*c**2 + 13109*c - 956. Give o(7).
10
Let g(y) = -2*y**3 - 641*y - 1974. Give g(-3).
3
Let a(n) = -324*n + 3773. Give a(12).
-115
Let z(l) = -26709*l - 80877. Determine z(-3).
-750
Let q(o) = o**3 + 203*o**2 - 10*o - 1520. Determine q(-203).
510
Let k(m) = -20*m**3 + 4*m**2 - 13*m - 68. Give k(-4).
1328
Let u(k) = k**3 - 48*k**2 + 566*k - 179. Give u(29).
256
Let y(g) = -4*g**2 + 17*g + 325. Calculate y(0).
325
Let f(o) = o**3 + 108*o**2 - 2704*o + 658. What is f(-129)?
13
Let n(g) = -11654*g**2 + 11647*g - 1. What is n(1)?
-8
Let l(f) = f**3 - 129*f**2 + 14*f + 790. What is l(129)?
2596
Let t(c) = -c**3 - 4*c**2 + 49*c + 104. Give t(-2).
-2
Let h(x) = -x**3 + 113*x**2 - 2061*x - 806. Give h(90).
4
Let u(f) = f**2 - 14895*f + 460798. Determine u(31).
14
Let l(q) = -1027*q + 168433. What is l(167)?
-3076
Let w(b) = -b**3 - 24*b**2 + 42*b + 587. Determine w(-24).
-421
Let f(c) = -c**3 + 6*c**2 - 1685*c + 5061. What is f(3)?
33
Let t(y) = y**3 + 3*y**2 + 12575*y + 37762. Calculate t(-3).
37
Let l(n) = -144*n**3 - 6*n**2 - n + 8. Give l(0).
8
Let m(u) = u**3 - 26*u**2 - 177*u + 732. Give m(29).
-1878
Let w(s) = -5*s**3 - 234*s**2 - 770*s - 38399. Determine w(-47).
0
Let j(p) = -4699*p - 1437887. Calculate j(-306).
7
Let k(j) = -11*j**2 + 175*j + 2720. Determine k(26).
-166
Let o(k) = -19300*k + 5597008. What is o(290)?
8
Let j(x) = 87*x**3 + 436*x - 438. Give j(1).
85
Let l(i) = 7*i**2 + 666*i - 1774. Give l(-98).
186
Let r(o) = 13689*o - 95296. What is r(7)?
527
Let x(o) = o**3 - 20*o**2 + 222*o - 4370. Determine x(20).
70
Let w(k) = 5*k**2 + 24*k - 211. Calculate w(13).
946
Let m(v) = -9496*v - 10696. What is m(-1)?
-1200
Let f(g) = -44*g**3 - 112*g**2 + 8*g + 2. Give f(-6).
5426
Let x(t) = -t**3 + 7*t**2 + 260*t + 104. Give x(-15).
1154
Let m(b) = -b**3 - b**2 - 108*b - 816. Calculate m(-6).
12
Let t(g) = g**3 + 22*g**2 - 359*g - 147. Calculate t(-33).
-279
Let v(l) = -l**2 + 5442*l + 224806. What is v(-41)?
3
Let u(b) = -562*b**2 + 266*b - 1. Give u(-1).
-829
Let w(h) = -h**3 - 107*h**2 + 2499*h + 228113. Determine w(-111).
8
Let i(f) = 5*f**2 + 32*f + 46. Give i(5).
331
Let t(o) = -1555*o + 219041. Give t(141).
-214
Let z(m) = -6*m**3 - 8*m**2 - 24*m + 9. Calculate z(-3).
171
Let k(i) = -6628*i - 225349. What is k(-34)?
3
Let k(x) = 78*x**2 - 16*x + 44. Give k(4).
1228
Let m(d) = -1489*d - 14205. Give m(-9).
-804
Let i(q) = -62097*q + 248381. What is i(4)?
-7
Let g(b) = 1132*b + 97381. Give g(-86).
29
Let r(h) = 146*h + 11248. What is r(-76)?
152
Let m(j) = 4*j**2 + 144*j + 1271. Calculate m(-20).
-9
Let o(x) = -x**3 - 275*x**2 - 394*x + 307. Calculate o(-2).
3
Let d(j) = -184159*j + 1289125. Give d(7).
12
Let j(y) = y**2 + 24365*y - 219397. What is j(9)?
-31
Let k(s) = -21*s**2 - 2223*s - 257. Give k(-103).
5923
Let m(j) = -j**2 - 751*j - 71564. Give m(-112).
4
Let s(y) = -58*y + 1336. Determine s(13).
582
Let c(k) = k**3 + 32*k**2 + 92*k + 73. What is c(-29)?
-72
Let h(j) = 46*j**2 + 34680*j - 301